= 3*o - 3*s - f. What is the tens digit of o?
6
Suppose -2*c + 3 = -5*c. Let k(f) = -3*f + 1. Let h be k(c). Suppose h*u = 5*u - 76. What is the tens digit of u?
7
Suppose 717 = 4*l - 2*j - 155, 0 = 5*l + 2*j - 1108. Let p = l + -29. What is the tens digit of p?
9
Suppose -5*x + 2*x - f = -47, 0 = 5*x - f - 89. Let t = 22 - x. Let p(n) = 3*n - 9. What is the units digit of p(t)?
6
Let i(x) = -2*x**3 - 6*x**2 + 22*x + 5. What is the tens digit of i(-6)?
8
Let w be 13/5 + 42/(-70). Suppose 2*m - 5*s - 55 = 52, w*s = 2*m - 92. Suppose -4*k = -3*g + m, 7*k - 2*k = -g + 1. What is the tens digit of g?
1
Let h be (-15730)/(-15) + (-2)/3. Suppose -8*q + 176 + h = 0. What is the hundreds digit of q?
1
Let k(l) = -l**2 + 3*l + 8. Let a be k(6). Suppose h + 5 = -v, -2*v - 13 - 1 = 3*h. Let g = v - a. What is the units digit of g?
9
Let m(l) = l**2 + 9*l - 6. Let b be m(-10). What is the units digit of 10/b*(-544)/(-40)?
4
Suppose -13*o - 27 + 1 = 0. What is the hundreds digit of (1 - o) + 113 + 2?
1
Suppose 4*l - 3*z + 3 = 0, -l - 5*z = 4*l - 40. Let y be ((-4)/(-5))/(l/(-15)). What is the units digit of 24 + (-2 + 1 - y)?
7
Suppose 3*q - 21 = -2*u, 0 = -5*u + 2*q + q. Suppose u*x - 3*m = 138, 0 - 3 = -3*m. What is the tens digit of x?
4
Let o = 59 - 24. Let r(h) = h**2 - h + 49. Let y be r(0). Suppose 0 = -4*p + 16, 4*w = p + y + o. What is the units digit of w?
2
Suppose -w = 54*d - 58*d + 7441, w = -4*d + 7431. What is the hundreds digit of d?
8
Let g(x) = x**3 - 3*x**2 - 6*x + 2. Suppose -b - 3*k = 6, -b + 2*k = -4*b + 17. Let f = -4 + b. What is the tens digit of g(f)?
2
Let t = -2 - 3. Let y = t + 10. Let v(h) = h**2. What is the tens digit of v(y)?
2
Suppose -5*p = -6*p. Suppose -2*r + r = p. Suppose j + 0*j + u - 27 = r, -5*j - 4*u + 139 = 0. What is the tens digit of j?
3
What is the hundreds digit of (17 + -23)*419/(-3)?
8
Let h = 342 - 250. What is the units digit of h?
2
What is the tens digit of (-19)/(-2) - 48/(-96)?
1
Let n(h) = 106*h - 1 + 30 - 95*h. What is the tens digit of n(7)?
0
Suppose 7 = 6*b + b. Suppose -2*n + 3*i + 39 = 0, 3*i + b = -n - 2. Suppose 16*a = n*a + 144. What is the tens digit of a?
3
Suppose 6 = -2*l + 34. Let q(z) = -4*z - 4. Let n be q(-7). Let g = n - l. What is the tens digit of g?
1
Suppose -n + 4*t = -30, -4*t - 24 = -5*n + 62. Suppose 5*o + 8 - 3 = 0. What is the tens digit of n*(2/4 - o)?
2
Suppose -13936 = -0*h - 13*h. What is the tens digit of h/20 - (-2)/5?
5
What is the hundreds digit of (-12)/(288/(-25266)) - (-3)/(-4)?
0
Let o(l) = -5477*l - 45. What is the thousands digit of o(-1)?
5
Suppose s - 8 = -s. Suppose -5*x = 4*r - 448, r - s*x = 5*r - 444. What is the tens digit of r?
0
What is the hundreds digit of -5 + (9 + -8)*596?
5
Suppose -29*h + 34 = -24. Let j = 0 - -2. Suppose -v + 101 = h*o, o + 7*v = j*v + 28. What is the tens digit of o?
5
Let g be (20/(-16) - -1)*-4. Suppose 0 = 2*p - 4*b - 142, -5*b + g = -4. What is the tens digit of p?
7
Let h = 64 + 18. Let j = -34 + h. What is the tens digit of j?
4
Let y(r) = -r**3 - 10*r**2 + 14*r - 14. Let o(s) = -3*s**3 - 21*s**2 + 29*s - 27. Let c(x) = -2*o(x) + 5*y(x). What is the units digit of c(8)?
0
Let f(m) = m**2 - 4*m + 5. Let w be f(2). What is the tens digit of 8/(-2) - w*-25?
2
Suppose 11*d - 55 - 88 = 0. Let g(x) = -x**2 + 14*x + 9. What is the units digit of g(d)?
2
Let v = -9 - -19. Let p = -10 + v. Suppose p*q - 4*q = -52. What is the tens digit of q?
1
Suppose 4*t + 228 + 92 = 0. What is the units digit of 60/16*t/(-12)?
5
Let b(s) = -s**2 + 73*s - 17. What is the hundreds digit of b(14)?
8
Suppose -r = r - 28. Suppose -2*c + 6*c = 2*o + r, 0 = -2*c + 3*o + 5. What is the units digit of -3 + c/(12/75)?
2
Let m(r) = r**3 - 8*r**2 + 7*r + 14. Let f be m(8). What is the tens digit of (f + (-1 - -1))*1?
7
Suppose 2*g = -3*a + 641, 0*g - 8 = 4*g. What is the tens digit of a?
1
Suppose -4*h + h + 24 = 0. Let r be h/(-4) - (0 + -172). Suppose 7*n - r = 250. What is the units digit of n?
0
Suppose 2175 = 5*j + 5*i, -j + 5*i + 435 = -0*j. What is the tens digit of j?
3
Suppose 0 = 3*f + 5*f - 40. Suppose -j - g - 3 = 0, -2*g - 6 = -j + 5*j. Suppose -f*u + 4*x + 277 = 0, -u - 3*x + 2*x + 50 = j. What is the tens digit of u?
5
Suppose -4*r + 5 = 13. What is the units digit of 4/2 + r - -75?
5
Suppose 5*j - 183 = -3*y, 0 = 3*j + 5*y - 4*y - 109. Let a(i) = i**3 + 5*i**2 + 4*i - 3. Let m be a(-5). Let u = m + j. What is the tens digit of u?
1
Suppose -5*w = -4*s - 33, -7*w + 4*s + 28 = -3*w. Suppose 5*y = 6*y + w*z - 130, -1 = -z. What is the tens digit of y?
2
Let v be (1116/27)/((-2)/(-3)). Suppose v + 78 = 4*r. What is the units digit of r?
5
Let m = -1960 + 4097. What is the units digit of m?
7
Let g = 37 + -8. Suppose g = 3*w + 5*b + 1, -4*w + 18 = -3*b. Suppose f = 4*j - w, 5*j - 3*f = -7*f - 3. What is the units digit of j?
1
Suppose -3*z + 6 = -15. Suppose 4*p - u - 7 = 3, z = 3*p - u. What is the units digit of p?
3
Suppose k + 1807 = -4*k - 2*b, 0 = -k + 5*b - 383. Let w = -242 - k. What is the tens digit of w?
2
Suppose 32 = p + 16. What is the tens digit of p?
1
Let p(u) = -734*u - 6. What is the tens digit of p(-1)?
2
Let o(a) = -8*a. Let n be 12/8 + (-14)/(-4). Suppose -r = n*z - 3*r + 6, -4*r = -4*z. What is the tens digit of o(z)?
1
Suppose -2*v = 2 + 6, 0 = 5*z + v + 4. What is the units digit of 4/(1/11 + z)?
4
Suppose -3*t + 665 = 5*v + 212, 5*t - 5*v - 715 = 0. What is the tens digit of t?
4
Suppose 3*d = 2*d. Suppose -2*s - 3*s + 20 = d. Suppose -3*j + 92 = q + s*q, 5*q = 2*j - 28. What is the units digit of j?
4
Let u be (-2 - (2 + 2)) + 2. Let b be 1 + u + (-6)/(-2). Suppose 8 - 23 = -f - i, 3*i + 15 = b. What is the units digit of f?
0
Let i(t) = -20*t**2 + 5*t - 8. Let k be i(3). Let v = 289 + k. What is the tens digit of v?
1
Let t be 58 - (3 + -4)*3. Suppose -4*k + t = 5. What is the units digit of k?
4
Suppose -3 = 2*t + 1. Let r = -120 - -105. What is the units digit of (-1)/(r/(-8) + t)?
8
Suppose 0 = -3*u - s + 9, 3*s - 4 = -2*u + 2. Let q(y) = 2*y**2 + 6*y + 4. Let b be q(-2). Suppose u*f - 2*f - 14 = b. What is the units digit of f?
4
What is the hundreds digit of 74538/81 + 10/(-45)?
9
Let r(n) = n**3 + 25*n**2 + 54*n + 60. What is the units digit of r(-21)?
0
Let x(s) = 2*s - 15. Let i be x(8). Suppose l - c = -5, c = -6*l + l - i. What is the tens digit of -1 - (26 - 3)*l?
2
Let j be (-10)/(-7*(-7)/49). Let h(q) be the second derivative of q**4/12 + 7*q**3/6 - 9*q**2 + q. What is the tens digit of h(j)?
1
Let t = 13 + -16. Let y be t/5 + 137/(-5). What is the units digit of y/(7/(28/(-8)))?
4
Suppose -199*z + 6984 = -190*z. What is the units digit of z?
6
Suppose -85*o + 13836 = -79*o. What is the thousands digit of o?
2
What is the hundreds digit of (-3)/7 + ((-42690)/(-42) - 0)?
0
Let k(w) = -8*w + 5. Suppose 2*p = 4, -3*n - 29 = 3*p + 2*p. Let l be k(n). Suppose 5*u + 34 = l. What is the units digit of u?
5
Let d be 2*(2 - 0) - 1. Let m(j) = j**3 + 2*j**2 + j + 7. Let t(b) = b**3 + 2*b**2 + 7. Let r(c) = -2*m(c) + 3*t(c). What is the tens digit of r(d)?
4
Let c(z) = 4*z - 3. Suppose j + f - 2 - 1 = 0, -2*f + 4 = j. Let x = 0 + j. What is the units digit of c(x)?
5
Let q(s) = -s + 23. Let p be q(22). Suppose -4*z = -z + 54. Let x = p - z. What is the tens digit of x?
1
What is the units digit of -2 - 0 - (-1195 - 96/12)?
1
What is the hundreds digit of 2*(-21)/(-14) - (-2416 + -1)?
4
Let h be -67*1*4/(-4). Let y = h - 252. What is the tens digit of y/(-10) + (-1)/2?
1
Let z(p) = -40*p**3 - p**2 + 7*p + 5. What is the hundreds digit of z(-3)?
0
Suppose -2*n - 4*a + 218 = -0*n, -109 = -n + 4*a. Suppose -5*q = 4*r - n, -3*q - r = -2*r - 62. What is the units digit of q?
1
Suppose m + g - 120 = 0, -m + 5*g = -101 - 7. What is the hundreds digit of m?
1
Let y(o) = -5*o**2 - 5*o**2 - 3*o**2 + 0*o**2 - o**3 - 5 - 17*o. What is the tens digit of y(-12)?
5
Suppose -4*k = -3*q - q + 964, -5*q = 4*k - 1223. What is the hundreds digit of q?
2
Suppose -3*c - 14 = -2*s, 5*c - 4*c = 2*s - 10. Suppose 0*k - 3*k = -y - 680, 8 = -s*y. What is the hundreds digit of k?
2
Suppose 106*x - 5138 = 92*x. What is the hundreds digit of x?
3
Suppose 10 = 2*p, -3*i + 4365 = 2*i - p. What is the tens digit of i?
7
Suppose 3*p + 2*f = 3